392 = j. Let w(x) = x + 26. What is the remainder when w(0) is divided by b?
12
Let j(k) = 109*k**2 - 21*k + 3. Let x(g) = 54*g**2 - 11*g + 2. Let f(v) = 6*j(v) - 11*x(v). Calculate the remainder when f(-1) is divided by 21.
19
Suppose -w = 11*l - 7*l - 293, 5*w - l - 1360 = 0. Calculate the remainder when w is divided by 70.
63
Let r(t) = 3*t**3 + 96*t**2 + 14. Let i be (0 - (-8)/5)/((-46)/920). Calculate the remainder when 167 is divided by r(i).
13
Suppose -g = -3*u + 23, 3*g = 8*u - 13*u + 1. Calculate the remainder when 5609 is divided by u.
4
Suppose -22*r + 16*r + 24 = 0. Suppose -323 = -r*l - l - 4*a, 2*l + 4*a = 122. Calculate the remainder when 330 is divided by l.
62
Suppose 60*g = 51*g + 1620. Calculate the remainder when 81 is divided by ((-39)/52)/((-5)/g).
0
Suppose 4*a = -67*q + 68*q + 2378, 4*a - 2342 = -5*q. What is the remainder when 1791 is divided by a?
12
Let i(d) = d - 14. Let s be i(15). Let g(m) be the second derivative of 41*m**3/6 + 15*m. What is the remainder when 79 is divided by g(s)?
38
Suppose 49*f - f - 1776 = 0. Calculate the remainder when 592 is divided by f.
0
Let y = -897 + 460. Let n be (((-1140)/(-2))/(-2))/1. Let m = n - y. What is the remainder when m is divided by 31?
28
Let b(s) = 4*s**2 + 137*s + 792. Calculate the remainder when 609 is divided by b(-27).
6
Let z(p) = 30*p. Let r = 608810 - 608803. What is the remainder when z(3) is divided by r?
6
Let y = 4864 - 2798. What is the remainder when y is divided by 2064?
2
Let d = -21 - -55. Let z(m) = -52*m - 410. What is the remainder when d is divided by z(-8)?
4
Suppose 0 = -2*x + 40. Let y = -17 + x. Let h = y - -16. Calculate the remainder when 74 is divided by h.
17
Let z = 4782 + 832. Calculate the remainder when z is divided by 156.
154
Let h(k) be the third derivative of -18*k**2 + 0*k - 1/2*k**4 + 0 - 1/60*k**5 + 5/2*k**3. What is the remainder when 39 is divided by h(-12)?
9
What is the remainder when (360/(-54))/((-1)/42) is divided by 248?
32
Suppose 5*c = -33*n + 37*n + 64, 5*n + 53 = 4*c. Suppose 9*u = -5*h + c*u + 36, -3*h - u = -30. Calculate the remainder when 501 is divided by h.
6
Let c(i) = 4*i - 1. Let t be 36/(4/1) - -6. Suppose 11*b = t*b - 212. Calculate the remainder when b is divided by c(5).
15
Suppose v + 11 = 6, 4*z - 206 = 2*v. Let a = 144 - z. Calculate the remainder when a is divided by 10.
5
Suppose 0*g = 3*g + 3*i - 411, 0 = 4*g + 3*i - 544. Let b be (2 - 2 - g/21)*6. Let w = b + 57. Calculate the remainder when 52 is divided by w.
14
Let p be (4/4)/(-1) - -16. Let b(q) = -q**2 + 20*q - 71. What is the remainder when b(p) is divided by 1?
0
Let v(m) = 10*m - 112. Let i be v(12). What is the remainder when 61 is divided by i/(-36) - (-236)/9?
9
Let j = -26086 + 26692. Calculate the remainder when j is divided by 149.
10
Suppose 5*l + 0*l - 60 = 0. Let s = -13 - -17. Suppose 7*j - 6*j - s = 0, j + 112 = 2*n. What is the remainder when n is divided by l?
10
Suppose -353 = -14*s - 3923. Let u = s + 313. Calculate the remainder when u is divided by 35.
23
Let r(m) = -3*m**3 + 3*m + 6. Let i = -42 + 45. Suppose 0*j = i*j - 48. Calculate the remainder when r(-2) is divided by j.
8
Suppose 5*i + q + 12 = -41, -2*q = 2*i + 18. Let l = 47 + i. Calculate the remainder when l is divided by 11.
3
Suppose 2366 = 10*d + 81*d. What is the remainder when 479 is divided by d?
11
Suppose -141*x + 85238 = 77*x. Calculate the remainder when x is divided by 147.
97
Let o(n) = 9*n**2 + 372*n - 225. Calculate the remainder when 280 is divided by o(-42).
10
Let y = 680 + -609. Let w(p) = -5*p. Suppose -5*i + l - 22 = 0, 2*i - 2*l = l - 14. Calculate the remainder when y is divided by w(i).
11
Let m(z) = 12*z - 4. Let t(q) = -q**3 + 5*q**2 + 2*q - 4. Let f be t(5). Suppose -145 + 169 = 2*i. What is the remainder when m(f) is divided by i?
8
Let n be -1 - -7 - (-1 + -3). Suppose 0 = 5*u - j - 102 - 158, n = -2*j. What is the remainder when 202 is divided by u?
49
Let t = 906 - 849. What is the remainder when 159 is divided by t?
45
Let u(w) = -2*w**3 + w**2 - w. Let y be u(2). What is the remainder when 62 is divided by -7*(3 + 86/y)?
18
Let s(l) = -2*l**3 - 61*l**2 - 111*l + 85. What is the remainder when s(-29) is divided by 50?
31
Let y = -2070 - -2298. What is the remainder when y is divided by 10?
8
Suppose -19*a - 18 = -455. Let p be (-8 - -7)/((4/(-5))/4). Suppose -4*n + p + 25 = 2*l, 0 = -n - l + 7. What is the remainder when a is divided by n?
7
Suppose j + 2403 = 3*p + 726, -2*p = 3*j - 1107. Calculate the remainder when p is divided by -6 + (-9 - (3/(6/14) - 39)).
14
Let q(f) = 111*f - 52. Let b be q(-5). Let m = b - -647. What is the remainder when 127 is divided by m?
7
Calculate the remainder when 636 is divided by 195/(-520) + ((-179)/(-8))/1.
20
Let p = -4198 - -4420. Calculate the remainder when p is divided by 200.
22
Suppose 1771*f - 2336 = 1698*f. Calculate the remainder when 781 is divided by f.
13
Suppose 8*j + 220 = 12*j. Suppose -a + j = 3*a - 3*n, -3*a = n - 38. Let z = 60 + -36. What is the remainder when z is divided by a?
11
Suppose 0 = 286*t + 41*t - 145641 - 4651122. Calculate the remainder when t is divided by 219.
215
Let v be (2 - 1 - 2) + 8. Suppose 32 = 5*w + 3*a - v*a, 16 = w - 4*a. Let x(c) = -2*c**2 + 80*c + 785. What is the remainder when x(-8) is divided by w?
1
Let o(i) = -45*i + 7. Let s be o(2). Let y = -25 - s. Calculate the remainder when y is divided by (-11)/(165/35)*-9.
16
Let p = 104 + -30. Let x = p - 53. What is the remainder when 78 is divided by x?
15
Let y = 4 - -11. Suppose 0 = -2*u + n - 1, -3*u + 7*u + 3*n - 13 = 0. Suppose -2*x + u = -15. What is the remainder when y is divided by x?
7
Let m be 11/2 + (-6 - (-55)/10). Suppose y - 2*s - 43 = 0, 0 = 3*y - m*s + 3*s - 117. What is the remainder when y is divided by 8?
5
Calculate the remainder when ((275/30)/(-5))/(4/(-744)) is divided by 38.
37
Let u = -20 - -29. Suppose -81*a = -4386 - 2499. Calculate the remainder when a is divided by u.
4
Let x be 6 + (-17)/(51/18). What is the remainder when (33 + 65)*(1 + x) is divided by 25?
23
Let x be 4/12 - 84/(-18). Suppose -3*m = 3*r - 696, -x*m + 4*m - 4*r + 241 = 0. What is the remainder when m is divided by 11?
9
Let p = -12257 - -14330. Calculate the remainder when p is divided by 2058.
15
Let b be (1 - 1)/(17/(136/(-32))). Calculate the remainder when b - 0 - 1512/(-9 + -3) is divided by 65.
61
Suppose 0 = -7*t + 365 + 160. Suppose 0 = -2*p - 3*d + t, 3*p - 165 = -p - 3*d. Calculate the remainder when p is divided by 7.
3
Let u(c) = 13*c - 2. Let h be u(6). Suppose 16*z - 609 = -5*z. Calculate the remainder when z is divided by (h/8)/((-2)/(-4)).
10
Suppose -23906 + 9511 = -149*i + 24196. What is the remainder when 851 is divided by i?
74
Let n = 33 - 15. Calculate the remainder when (18825/375 + -52)/(6/(-710)) is divided by n.
15
Suppose 22*i + 4427 = 23*i. Calculate the remainder when i is divided by 16.
11
Let y(q) be the third derivative of 23*q**4/24 - 14*q**3/3 - 58*q**2 - q. What is the remainder when 55 is divided by y(3)?
14
Suppose -57*w + 7486 + 4652 = -12144. Calculate the remainder when 437 is divided by w.
11
Let u(w) = -59*w**3 - 90*w**2 - 7*w + 13. Calculate the remainder when u(-5) is divided by 31.
27
Let n(y) = y**3 - 16*y**2 - 15*y + 1. Let g be n(17). What is the remainder when (-1620)/(-35) - 10/g is divided by 220/18 + 2/(-9)?
10
Suppose 4*g - 16179 = -3*y + 150, 8187 = 2*g - 3*y. Calculate the remainder when g is divided by 61.
60
What is the remainder when (-47 - -37)/(4/(-24)) is divided by 33?
27
Let m(h) = 2*h + 23. Let s be m(-8). Let j(u) = -s - u**2 + 13*u - 6 - 3. Calculate the remainder when 67 is divided by j(3).
11
What is the remainder when 531 is divided by 6*(-2 - -1) + 7?
0
Let n be (-2)/(-2 + (-3116)/(-1560)). Suppose -4*r + n = r. Let d(c) = 2*c**2 + 2*c. Calculate the remainder when r is divided by d(-5).
36
Let n = 48442 + -48429. Let h = 66 + -16. Calculate the remainder when h is divided by n.
11
Let a(x) = x**2 - 11*x + 74. Let v = -703 - -710. Calculate the remainder when a(v) is divided by 17.
12
Suppose 3*y = -4*k + 5986, 0 = -109*k + 106*k - 2*y + 4490. Calculate the remainder when k is divided by 15.
13
Let o = 1446 - 757. Calculate t